 -111024 + 3034?
-102440
In base 7, what is -12403 - -14?
-12356
In base 6, what is 1312052 + 144?
1312240
In base 13, what is -1 - -c1c?
c1b
In base 11, what is -494 - -669?
185
In base 14, what is -66 - 8537?
-859d
In base 6, what is -15223043 - 4?
-15223051
In base 12, what is -5 + 124b7?
124b2
In base 14, what is 1256a4 - -9?
1256ad
In base 11, what is -85 + 154?
7a
In base 4, what is 11 - -1011002113?
1011002130
In base 8, what is 3 - 1225?
-1222
In base 4, what is -11131 - 213002?
-230133
In base 11, what is 5 + 681?
686
In base 3, what is 0 + 2012020?
2012020
In base 4, what is 1 + -112223?
-112222
In base 10, what is -2 + -30542?
-30544
In base 6, what is -110 - -44440?
44330
In base 2, what is -11000110101101110 - -100?
-11000110101101010
In base 9, what is -27 - -478?
451
In base 2, what is -1010111100011110 - -1?
-1010111100011101
In base 2, what is 0 - 1101011010001111101?
-1101011010001111101
In base 7, what is 4324 - 346?
3645
In base 10, what is -2 + 1912454?
1912452
In base 13, what is 2 - 78a4?
-78a2
In base 14, what is 18a11 + -2?
18a0d
In base 12, what is -29 + -b3?
-120
In base 9, what is 2865470 - 4?
2865465
In base 4, what is -311313 - 12?
-311331
In base 13, what is 288cb + 19?
28917
In base 2, what is -111110101001110 - 1?
-111110101001111
In base 11, what is 9 - 5742?
-5734
In base 11, what is -37a - 71?
-440
In base 7, what is 5 + -544001?
-543663
In base 7, what is -50202 + -5?
-50210
In base 13, what is 21 + 2554?
2575
In base 12, what is -84 + 37a?
2b6
In base 16, what is -2e60 - 5?
-2e65
In base 7, what is 0 - -4363651?
4363651
In base 7, what is 1 - 13426?
-13425
In base 11, what is -76 + -356?
-421
In base 14, what is 2 + -1318c?
-1318a
In base 13, what is 15 + -3c06?
-3bc1
In base 6, what is -3145403 - -42?
-3145321
In base 12, what is -4bb - 120?
-61b
In base 13, what is 157098 + -2?
157096
In base 12, what is 1b - 29b1?
-2992
In base 9, what is -786 - -2813?
2016
In base 8, what is 67 - 243063?
-242774
In base 8, what is 61 - 4126?
-4045
In base 7, what is -15 + 12632?
12614
In base 13, what is -22a1 - -5?
-2299
In base 4, what is -2310212232 - 11?
-2310212303
In base 3, what is -101 + 1221222000?
1221221122
In base 8, what is 5 - -646220?
646225
In base 14, what is -17c7 + -a?
-17d3
In base 12, what is -11887 + 2?
-11885
In base 9, what is -330461 + -3?
-330464
In base 12, what is -230 + -193?
-403
In base 6, what is 504 + -140?
324
In base 12, what is -6 - -3066?
3060
In base 7, what is -1106 + 134?
-642
In base 3, what is -10011220202 - 0?
-10011220202
In base 13, what is -621 - -145?
-4a9
In base 12, what is -2 - 202?
-204
In base 8, what is 1 + 246107?
246110
In base 15, what is 38d9 - 7?
38d2
In base 8, what is -3765 - -25?
-3740
In base 2, what is 0 + -100101010110011?
-100101010110011
In base 2, what is 11 - -111011010100110?
111011010101001
In base 6, what is -154345 + 1?
-154344
In base 16, what is -1 - 5420?
-5421
In base 4, what is 0 - 13312?
-13312
In base 13, what is c + 4a6?
4b5
In base 16, what is -301ef - -3?
-301ec
In base 16, what is -799be + -1?
-799bf
In base 16, what is -558 - -a0?
-4b8
In base 11, what is 716a7 + 16?
71712
In base 7, what is 5 + -660146?
-660141
In base 4, what is 11 + -21330?
-21313
In base 6, what is -2321 - 14?
-2335
In base 5, what is 140430 - -103?
141033
In base 10, what is 3 - 73853?
-73850
In base 15, what is -14b - -492?
346
In base 13, what is 6cb + -35?
696
In base 9, what is -2432 + 134?
-2287
In base 6, what is 32 + 102104?
102140
In base 11, what is a - 7890?
-7881
In base 2, what is 10 + 10101010000010?
10101010000100
In base 8, what is -67 - -14373?
14304
In base 7, what is -1136 + 4513?
3344
In base 15, what is 6 + -489a1?
-4899a
In base 15, what is -38b6 - 2?
-38b8
In base 4, what is 3003233 - 203?
3003030
In base 15, what is 3 + -62861?
-6285d
In base 10, what is -1707 - 1375?
-3082
In base 2, what is -10010 - 1010111010111?
-1010111101001
In base 5, what is 1 - -20114302?
20114303
In base 7, what is -6 - -40501?
40462
In base 8, what is -1 - -1305455?
1305454
In base 4, what is -121033202 + 110?
-121033032
In base 2, what is 111111101010001 + 11010?
111111101101011
In base 12, what is 6b488 - 3?
6b485
In base 11, what is -197716 - -3?
-197713
In base 8, what is -1333560 + 2?
-1333556
In base 6, what is -232243455 - -5?
-232243450
In base 16, what is 140 - 23b?
-fb
In base 15, what is -5 - -126d3b?
126d36
In base 5, what is -4 + 424130?
424121
In base 3, what is 202221 + -120121?
12100
In base 16, what is 4 + 11d1?
11d5
In base 6, what is -20134 - -2331?
-13403
In base 7, what is -161 + 145412?
145221
In base 16, what is 47b - -fb?
576
In base 3, what is -2 - -12121102?
12121100
In base 4, what is -1231230 - -2?
-1231222
In base 2, what is 10 - -1100011010?
1100011100
In base 10, what is -5 + -260628?
-260633
In base 5, what is 42 + 210340?
210432
In base 16, what is ce + 29?
f7
In base 7, what is 503 + -14645?
-14142
In base 15, what is -ca85 - 0?
-ca85
In base 2, what is 1001 + 110001111001?
110010000010
In base 7, what is 0 + 3553131?
3553131
In base 2, what is -1010111011010 - 101111?
-1011000001001
In base 9, what is -2 - -21766?
21764
In base 12, what is 3 + -422?
-41b
In base 9, what is -3 + 156875?
156872
In base 10, what is 0 + -18047?
-18047
In base 13, what is 0 + 3b25?
3b25
In base 16, what is -3 - 163d4?
-163d7
In base 15, what is -16 - 9d4?
-9ea
In base 13, what is -1a6 + 7?
-19c
In base 14, what is 2b00 + 4ba?
31ba
In base 16, what is -38c9 + -1?
-38ca
In base 13, what is -2a + 3116?
30b9
In base 7, what is 1104 + -3122?
-2015
In base 14, what is 3 - -6d26?
6d29
In base 12, what is 125b + 40?
129b
In base 13, what is -6 - 877bb?
-877c4
In base 15, what is 1cd + -9a3?
-7c5
In base 7, what is -611203 + 3?
-611200
In base 15, what is 1e + e9b?
eba
In base 11, what is -15721 + -1?
-15722
In base 10, what is -3 + 495967?
495964
In base 13, what is -11b3 + -155?
-1338
In base 3, what is -11 + -110011002200?
-110011002211
In base 13, what is 16743 - 2?
16741
In base 16, what is -4fe27 - -1?
-4fe26
In base 8, what is 543161 + -6?
543153
In base 11, what is -9 + 93746?
93738
In base 9, what is 21246 + -57?
21178
In base 8, what is -242 + 557?
315
In base 8, what is -70774 - -5?
-70767
In base 4, what is 3 + -211133212?
-211133203
In base 8, what is -52 + 55420?
55346
In base 13, what is 4 - -6b56?
6b5a
In base 5, what is 1344121 - -21?
1344142
In base 14, what is -695 + -30?
-6c5
In base 3, what is 1221 - -1212222?
1221220
In base 5, what is 131 + -2001124?
-2000443
In base 14, what is 8 + c8487?
c8491
In base 4, what is 102133 + -31301?
10232
In base 12, what is 10 - -34183b?
34184b
In base 11, what is -1 + 854945?
854944
In base 16, what is 5 - 38ba?
-38b5
In base 13, what is 1a + -76?
-59
In base 6, what is -1101 + 142134?
141033
In base 13, what is 2 - -660?
662
In base 2, what is -1000001110110 - 100010011?
-1000110001001
In base 7, what is 521 - 52534?
-52013
In base 3, what is -111 + -22121110201?
-22121111012
In base 11, what is -a - 163156?
-163165
In base 8, what is -3042 - -52?
-2770
In base 10, what is -5 - 72168?
-72173
In base 7, what is 2035 - 0?
2035
In base 3, what is 11112 - 1211121?
-1200002
In base 8, what is 453 - 161?
272
In base 4, what is -1331 - -1030233?
1022302
In base 8, what is 1154 - -22?
1176
In base 11, what is -307801 + 1?
-307800
In base 6, what is 4025 + 122?
4151
In base 11, what is -2338 - 137?
-2474
In base 14, what is -b - -3520?
3513
In base 10, what is -272695 - -4?
-272691
In base 4, what is -1231333 - 10?
-1232003
In base 6, what is -4 - 3221205?
-3221213
In base 6, what is -1523 - -432?
-1051
In base 10, what is -3 + -10710?
-10713
In base 10, what is 22 + -28193?
-28171
In base 5, what is 1 + 2032300?
2032301
In base 6, what is -4302 - 14?
-4320
In base 13, what is -299 - 83?
-34c
In base 8, what is -446223 + -1?
-446224
In base 2, what is 110 - -10100010011011000?
10100010011011110
In base 2, what is 100011001100001111 - -101?
100011001100010100
In base 3, what is 2 + -111200201?
-111200122
In base 10, what is 1783 - 199?
1584
In base 10, what is -12 + 102260?
102248
In base 10, what is 414411 + -2?
414409
In base 4, what is 11 - 11102113?
-11102102
In base 8, what is 1 - 653312?
-653311
In base